{"id":91,"date":"2023-01-10T19:29:41","date_gmt":"2023-01-10T19:29:41","guid":{"rendered":"https:\/\/amillanguages.com\/index.php\/mesmerize\/"},"modified":"2023-01-11T06:39:14","modified_gmt":"2023-01-11T06:39:14","slug":"mesmerize","status":"publish","type":"page","link":"https:\/\/amillanguages.com\/","title":{"rendered":"Front Page"},"content":{"rendered":"<div  data-label=\"Portfolio\" data-id=\"portfolio--1\" data-export-id=\"portfolio-5-mc\" data-category=\"portfolio\" class=\"portfolio-5-mc content-section content-section-spacing section-title-col-white-text bg-color1\" id=\"portfolio-1\"><div  class=\"gridContainer\"> <div  class=\"row text-center\"><div  class=\"section-title-col\" data-type=\"column\"> <h5  class=\"\">\u00a1TE RESPONDEMOS INMEDIATAMENTE!<\/h5> <h2  class=\"\">ELIGE EL CURSO DE TU INTERES<\/h2> <p  class=\"lead\">Ingl\u00e9s desde cero hasta avanzado<\/p><\/div> <\/div> <div  class=\"row space-bottom spaced-cols\" data-type=\"row\"> <div  class=\"col-xs-12 col-sm-4 text-center\"> <div  class=\"card no-padding bordered\"> <div  data-hover-fx=\"portfolio-6\" class=\"contentswap-effect contentswap-overlay\" style=\"float: none; margin: 0; width: 100%;\"> <div  class=\"initial-image\" style=\"float: none; margin: 0;\"> <img  decoding=\"async\" data-size=\"500x333\" src=\"https:\/\/amillanguages.com\/wp-content\/uploads\/2023\/01\/CLASES-DE-INGLES-7-1.png\"><\/div> <div  class=\"overlay bg-color6\" style=\"display: block; transition: opacity 800ms ease 0s; -webkit-transition-timing-function: ease; -moz-transition-timing-function: ease; -o-transition-timing-function: ease; transition-timing-function: ease;\"><\/div> <div  class=\"swap-inner col-xs-12\" style=\"display: block; transition: all 800ms ease 0s; background-color: rgba(0,0,0,0); margin-top: 0;\"> <div  class=\"row full-height-row middle-xs middle-sm\"> <div  class=\"col-xs-12 text-center content-holder\"> <a class=\"button small color2\" href=\"https:\/\/wa.link\/xkm33n\" target=\"_self\" data-cp-link=\"1\" rel=\"noopener\">CLASES ONLINE<\/a><\/div> <\/div><\/div> <\/div> <div  class=\"col-xs-12\"> <div  class=\"space-bottom space-top\" data-type=\"column\"> <h5  class=\"\">CLASES ONLINE<\/h5> <p  class=\"small italic\">Sin salir de casa<\/p><a class=\"button blue\" href=\"https:\/\/wa.link\/xkm33n\" target=\"_self\" data-cp-link=\"1\" rel=\"noopener\">QUIERO SABER M\u00c1S<\/a><\/div> <\/div><\/div> <\/div> <div  class=\"col-xs-12 col-sm-4 text-center\"> <div  class=\"card no-padding bordered\"> <div  data-hover-fx=\"portfolio-6\" class=\"contentswap-effect contentswap-overlay\" style=\"float: none; margin: 0; width: 100%;\"> <div  class=\"initial-image\" style=\"float: none; margin: 0;\"> <img  decoding=\"async\" data-size=\"500x333\" src=\"https:\/\/amillanguages.com\/wp-content\/uploads\/2023\/01\/cropped-CLASES-DE-INGLES-5.png\"><\/div> <div  class=\"overlay bg-color6\" style=\"display: block; transition: opacity 800ms ease 0s; -webkit-transition-timing-function: ease; -moz-transition-timing-function: ease; -o-transition-timing-function: ease; transition-timing-function: ease;\"><\/div> <div  class=\"swap-inner col-xs-12\" style=\"display: block; transition: all 800ms ease 0s; background-color: rgba(0,0,0,0); margin-top: 0;\"> <div  class=\"row full-height-row middle-xs middle-sm\"> <div  class=\"col-xs-12 text-center content-holder\"> <a class=\"button small color2\" href=\"https:\/\/wa.link\/zugf9n\" target=\"_self\" data-cp-link=\"1\" rel=\"noopener\">CLASES PARA NI\u00d1OS<\/a><\/div> <\/div><\/div> <\/div> <div  class=\"col-xs-12\"> <div  class=\"space-bottom space-top\" data-type=\"column\"> <h5  class=\"\">CLASES PARA NI\u00d1OS<\/h5> <p  class=\"small italic\">Clases dinamicas y eficaces<\/p><a class=\"button blue\" href=\"https:\/\/wa.link\/zugf9n\" target=\"_self\" data-cp-link=\"1\" rel=\"noopener\">QUIERO SABER M\u00c1S<\/a><\/div> <\/div><\/div> <\/div> <div  class=\"col-xs-12 col-sm-4 text-center\"> <div  class=\"card no-padding bordered\"> <div  data-hover-fx=\"portfolio-6\" class=\"contentswap-effect contentswap-overlay\" style=\"float: none; margin: 0; width: 100%;\"> <div  class=\"initial-image\" style=\"float: none; margin: 0;\"> <img  decoding=\"async\" data-size=\"500x333\" src=\"https:\/\/amillanguages.com\/wp-content\/uploads\/2023\/01\/CLASES-DE-INGLES-2.png\"><\/div> <div  class=\"overlay bg-color6\" style=\"display: block; transition: opacity 800ms ease 0s; -webkit-transition-timing-function: ease; -moz-transition-timing-function: ease; -o-transition-timing-function: ease; transition-timing-function: ease;\"><\/div> <div  class=\"swap-inner col-xs-12\" style=\"display: block; transition: all 800ms ease 0s; background-color: rgba(0,0,0,0); margin-top: 0;\"> <div  class=\"row full-height-row middle-xs middle-sm\"> <div  class=\"col-xs-12 text-center content-holder\"> <a class=\"button small color2\" href=\"https:\/\/wa.link\/bmi8xx\" target=\"_self\" data-cp-link=\"1\" rel=\"noopener\">CLASES GRUPALES<\/a><\/div> <\/div><\/div> <\/div> <div  class=\"col-xs-12\"> <div  class=\"space-bottom space-top\" data-type=\"column\"> <h5  class=\"\">CLASES GRUPALES<\/h5> <p  class=\"small italic\">Hasta 6 alumnos<\/p><a class=\"button blue\" href=\"https:\/\/wa.link\/bmi8xx\" target=\"_self\" data-cp-link=\"1\" rel=\"noopener\">QUIERO SABER M\u00c1S<\/a><\/div> <\/div><\/div> <\/div><div  class=\"col-xs-12 col-sm-4 text-center\"> <div  class=\"card no-padding bordered\"> <div  data-hover-fx=\"portfolio-6\" class=\"contentswap-effect contentswap-overlay\" style=\"float: none; margin: 0; width: 100%;\"> <div  class=\"initial-image\" style=\"float: none; margin: 0;\"> <img  decoding=\"async\" data-size=\"500x333\" src=\"https:\/\/amillanguages.com\/wp-content\/uploads\/2023\/01\/CLASES-DE-INGLES-6.png\"><\/div> <div  class=\"overlay bg-color6\" style=\"display: block; transition: opacity 800ms ease 0s; -webkit-transition-timing-function: ease; -moz-transition-timing-function: ease; -o-transition-timing-function: ease; transition-timing-function: ease;\"><\/div> <div  class=\"swap-inner col-xs-12\" style=\"display: block; transition: all 800ms ease 0s; background-color: rgba(0,0,0,0); margin-top: 0;\"> <div  class=\"row full-height-row middle-xs middle-sm\"> <div  class=\"col-xs-12 text-center content-holder\"> <a class=\"button small color2\" href=\"https:\/\/wa.link\/w5tf1n\" target=\"_self\" data-cp-link=\"1\" rel=\"noopener\">CLASES PRIVADAS<\/a><\/div> <\/div><\/div> <\/div> <div  class=\"col-xs-12\"> <div  class=\"space-bottom space-top\" data-type=\"column\"> <h5  class=\"\">CLASES PRIVADAS<\/h5> <p  class=\"small italic\">1 alumno<\/p><a class=\"button blue\" href=\"https:\/\/wa.link\/w5tf1n\" target=\"_self\" data-cp-link=\"1\" rel=\"noopener\">QUIERO SABER M\u00c1S<\/a><\/div> <\/div><\/div> <\/div><div  class=\"col-xs-12 col-sm-4 text-center\"> <div  class=\"card no-padding bordered\"> <div  data-hover-fx=\"portfolio-6\" class=\"contentswap-effect contentswap-overlay\" style=\"float: none; margin: 0; width: 100%;\"> <div  class=\"initial-image\" style=\"float: none; margin: 0;\"> <img  decoding=\"async\" data-size=\"500x333\" src=\"https:\/\/amillanguages.com\/wp-content\/uploads\/2023\/01\/CLASES-DE-INGLES-9.png\"><\/div> <div  class=\"overlay bg-color6\" style=\"display: block; transition: opacity 800ms ease 0s; -webkit-transition-timing-function: ease; -moz-transition-timing-function: ease; -o-transition-timing-function: ease; transition-timing-function: ease;\"><\/div> <div  class=\"swap-inner col-xs-12\" style=\"display: block; transition: all 800ms ease 0s; background-color: rgba(0,0,0,0); margin-top: 0;\"> <div  class=\"row full-height-row middle-xs middle-sm\"> <div  class=\"col-xs-12 text-center content-holder\"> <a class=\"button small color2\" href=\"https:\/\/wa.link\/euj6qr\" target=\"_self\" data-cp-link=\"1\" rel=\"noopener\">CLASES SEMI \u2013 PRIVADAS<\/a><\/div> <\/div><\/div> <\/div> <div  class=\"col-xs-12\"> <div  class=\"space-bottom space-top\" data-type=\"column\"> <h5  class=\"\">CLASES SEMI \u2013 PRIVADAS<\/h5> <p  class=\"small italic\">2 alumnos<\/p><a class=\"button blue\" href=\"https:\/\/wa.link\/euj6qr\" target=\"_self\" data-cp-link=\"1\" rel=\"noopener\">QUIERO SABER M\u00c1S<\/a><\/div> <\/div><\/div> <\/div><div  class=\"col-xs-12 col-sm-4 text-center\"> <div  class=\"card no-padding bordered\"> <div  data-hover-fx=\"portfolio-6\" class=\"contentswap-effect contentswap-overlay\" style=\"float: none; margin: 0; width: 100%;\"> <div  class=\"initial-image\" style=\"float: none; margin: 0;\"> <img  decoding=\"async\" data-size=\"500x333\" src=\"https:\/\/amillanguages.com\/wp-content\/uploads\/2023\/01\/CLASES-DE-INGLES-10.png\"><\/div> <div  class=\"overlay bg-color6\" style=\"display: block; transition: opacity 800ms ease 0s; -webkit-transition-timing-function: ease; -moz-transition-timing-function: ease; -o-transition-timing-function: ease; transition-timing-function: ease;\"><\/div> <div  class=\"swap-inner col-xs-12\" style=\"display: block; transition: all 800ms ease 0s; background-color: rgba(0,0,0,0); margin-top: 0;\"> <div  class=\"row full-height-row middle-xs middle-sm\"> <div  class=\"col-xs-12 text-center content-holder\"> <a class=\"button small color2\" href=\"https:\/\/wa.link\/409u9x\" target=\"_self\" data-cp-link=\"1\" rel=\"noopener\">CLASES EMPRESARIALES<\/a><\/div> <\/div><\/div> <\/div> <div  class=\"col-xs-12\"> <div  class=\"space-bottom space-top\" data-type=\"column\"> <h5  class=\"\">CLASES EMPRESARIALES<\/h5> <p  class=\"small italic\">Impartidas en el lugar de trabajo<\/p><a class=\"button blue\" href=\"https:\/\/wa.link\/409u9x\" target=\"_self\" data-cp-link=\"1\" rel=\"noopener\">QUIERO SABER M\u00c1S<\/a><\/div> <\/div><\/div> <\/div><div  class=\"col-xs-12 col-sm-4 text-center\"> <div  class=\"card no-padding bordered\"> <div  data-hover-fx=\"portfolio-6\" class=\"contentswap-effect contentswap-overlay\" style=\"float: none; margin: 0; width: 100%;\"> <div  class=\"initial-image\" style=\"float: none; margin: 0;\"> <img  decoding=\"async\" data-size=\"500x333\" src=\"https:\/\/amillanguages.com\/wp-content\/uploads\/2023\/01\/cropped-CLASES-DE-INGLES-3.png\"><\/div> <div  class=\"overlay bg-color6\" style=\"display: block; transition: opacity 800ms ease 0s; -webkit-transition-timing-function: ease; -moz-transition-timing-function: ease; -o-transition-timing-function: ease; transition-timing-function: ease;\"><\/div> <div  class=\"swap-inner col-xs-12\" style=\"display: block; transition: all 800ms ease 0s; background-color: rgba(0,0,0,0); margin-top: 0;\"> <div  class=\"row full-height-row middle-xs middle-sm\"> <div  class=\"col-xs-12 text-center content-holder\"> <a class=\"button small color2\" href=\"https:\/\/wa.link\/dc1cx8\" target=\"_self\" data-cp-link=\"1\" rel=\"noopener\">BUSINESS COACHING<\/a><\/div> <\/div><\/div> <\/div> <div  class=\"col-xs-12\"> <div  class=\"space-bottom space-top\" data-type=\"column\"> <h5  class=\"\">BUSINESS COACHING<\/h5> <p  class=\"small italic\">Acompa\u00f1ado por un profesional<\/p><a class=\"button blue\" href=\"https:\/\/wa.link\/dc1cx8\" target=\"_self\" data-cp-link=\"1\" rel=\"noopener\">QUIERO SABER M\u00c1S<\/a><\/div> <\/div><\/div> <\/div><div  class=\"col-xs-12 col-sm-4 text-center\"> <div  class=\"card no-padding bordered\"> <div  data-hover-fx=\"portfolio-6\" class=\"contentswap-effect contentswap-overlay\" style=\"float: none; margin: 0; width: 100%;\"> <div  class=\"initial-image\" style=\"float: none; margin: 0;\"> <img  decoding=\"async\" data-size=\"500x333\" src=\"https:\/\/amillanguages.com\/wp-content\/uploads\/2023\/01\/CLASES-DE-INGLES-11.png\"><\/div> <div  class=\"overlay bg-color6\" style=\"display: block; transition: opacity 800ms ease 0s; -webkit-transition-timing-function: ease; -moz-transition-timing-function: ease; -o-transition-timing-function: ease; transition-timing-function: ease;\"><\/div> <div  class=\"swap-inner col-xs-12\" style=\"display: block; transition: all 800ms ease 0s; background-color: rgba(0,0,0,0); margin-top: 0;\"> <div  class=\"row full-height-row middle-xs middle-sm\"> <div  class=\"col-xs-12 text-center content-holder\"> <a class=\"button small color2\" href=\"https:\/\/wa.link\/fy4uv0\" target=\"_self\" data-cp-link=\"1\" rel=\"noopener\">TRADUCCI\u00d3N DE DOCUMENTOS<\/a><\/div> <\/div><\/div> <\/div> <div  class=\"col-xs-12\"> <div  class=\"space-bottom space-top\" data-type=\"column\"> <h5  class=\"\">TRADUCCI\u00d3N DE DOCUMENTOS<\/h5> <p  class=\"small italic\">Traducidos por expertos<\/p><a class=\"button blue\" href=\"https:\/\/wa.link\/fy4uv0\" target=\"_self\" data-cp-link=\"1\" rel=\"noopener\">QUIERO SABER M\u00c1S<\/a><\/div> <\/div><\/div> <\/div><div  class=\"col-xs-12 col-sm-4 text-center\"> <div  class=\"card no-padding bordered\"> <div  data-hover-fx=\"portfolio-6\" class=\"contentswap-effect contentswap-overlay\" style=\"float: none; margin: 0; width: 100%;\"> <div  class=\"initial-image\" style=\"float: none; margin: 0;\"> <img  decoding=\"async\" data-size=\"500x333\" src=\"https:\/\/amillanguages.com\/wp-content\/uploads\/2023\/01\/CLASES-DE-INGLES-12.png\"><\/div> <div  class=\"overlay bg-color6\" style=\"display: block; transition: opacity 800ms ease 0s; -webkit-transition-timing-function: ease; -moz-transition-timing-function: ease; -o-transition-timing-function: ease; transition-timing-function: ease;\"><\/div> <div  class=\"swap-inner col-xs-12\" style=\"display: block; transition: all 800ms ease 0s; background-color: rgba(0,0,0,0); margin-top: 0;\"> <div  class=\"row full-height-row middle-xs middle-sm\"> <div  class=\"col-xs-12 text-center content-holder\"> <a class=\"button small color2\" href=\"https:\/\/wa.link\/2kaeln\" target=\"_self\" data-cp-link=\"1\" rel=\"noopener\">CERTIFICACIONES<\/a><\/div> <\/div><\/div> <\/div> <div  class=\"col-xs-12\"> <div  class=\"space-bottom space-top\" data-type=\"column\"> <h5  class=\"\">PREPARACI\u00d3N&nbsp;<\/h5> <p  class=\"small italic\">Cambridge, PET FCE CAE IELTS, TOEFL, TOEIC<\/p><a class=\"button blue\" href=\"https:\/\/wa.link\/2kaeln\" target=\"_self\" data-cp-link=\"1\" rel=\"noopener\">QUIERO SABER M\u00c1S<\/a><\/div> <\/div><\/div> <\/div><\/div> <div  class=\"row\"><div  data-type=\"column\" class=\"col-xs-12 text-center\"> <a class=\"button color2 y-move\" href=\"https:\/\/wa.link\/zvowxx\" target=\"_self\" data-cp-link=\"1\" rel=\"noopener\">\u00bfEstas buscando otro curso? Da click aqui <\/a><\/div> <\/div><\/div> <\/div><div  data-label=\"About\" data-id=\"about--1\" data-export-id=\"about-9\" data-category=\"about\" class=\"about-9 content-section content-section-spacing\" id=\"about-2\" style=\"background-color: rgb(245, 250, 253); background-image: none;\"><div  class=\"gridContainer\"> <div  class=\"row middle-sm text-center\"><div  class=\"col-sm-5 space-bottom-xs content-column content-right-sm\" data-type=\"column\">  <h2  class=\"\"><span  style=\"font-family: Playfair Display,sans-serif; font-weight: 700; font-style: italic;\" href=\"#\">Empoderamos<\/span>&nbsp;a nuestros alumnos a que adquieran el idioma con seguridad<\/h2><h5  class=\"\">\u00bfQuien es Amil Language Solutions?<\/h5> <p  class=\"\">Es una escuela enfocada en las necesidades de los alumnos. Que apoya a desarrollar las habilidades comunicativas y liderazgo para as\u00ed  lograr que todos puedan comunicarse con confianza en cualquier ambiente local o global.<\/p> <a class=\"button color1\" href=\"https:\/\/wa.link\/i6ltdg\" target=\"_blank\" data-cp-link=\"1\" rel=\"noopener\">Quiero saber de los cursos y precios<\/a><\/div> <div  class=\"col-sm-7 flexbox flexbox middle-xs center-xs space-bottom-xs\"><div  class=\"overlay-box flexbox middle-xs center-xs overlay-holder \"> <div  class=\"overlay-box-offset offset-background shadow-medium bg-color2 hide-xs\"><\/div> <img  decoding=\"async\" class=\"flexbox shadow-large img1\" src=\"https:\/\/amillanguages.com\/wp-content\/uploads\/2023\/01\/cropped-To-inspire-our-customers-to-live-more-creative-life.-10.png\" data-size=\"600x400\" title=\"cropped-To-inspire-our-customers-to-live-more-creative-life.-10.png\" alt=\"\"><\/div> <\/div><\/div> <\/div><\/div><div  data-label=\"Cta\" data-id=\"cta--1\" data-export-id=\"cta-blue-section-mc\" data-category=\"cta\" class=\"cta-blue-section-mc content-section content-section-spacing le_cocktail white-text\" id=\"cta-1\" style=\"background-color: rgb(255, 255, 255);\"><div  class=\"gridContainer\"> <div  class=\"row middle-xs\"><div  class=\"col-sm-8 space-bottom-xs\" data-type=\"column\"> <h2  class=\"\">\u00a1Inscr\u00edbete hoy mismo gratis!\n<br >M\u00e1ndanos WhatsApp dando click&nbsp;<\/h2> <\/div> <div  class=\"col-sm-4 end-sm\" data-type=\"column\"> <a class=\"button color2\" href=\"https:\/\/wa.link\/i6ltdg\" target=\"_blank\" data-cp-link=\"1\" rel=\"noopener\">Quiero saber de los cursos y precios<\/a><\/div> <\/div><\/div> <\/div><div  id=\"features-2\" style=\"background-color: rgb(255, 255, 255); background-image: none;\" data-label=\"Features\" data-id=\"features-ov-4-mc\" data-export-id=\"features-ov-4-mc\" data-category=\"features\" class=\"features-ov-4-mc content-section content-section-spacing\"><div  class=\"gridContainer\"> <div  data-type=\"row\" class=\"row spaced-cols text-center\"><div  class=\"col-xs-12 col-sm-4 col-padding\"> <i  class=\"fa icon shadow-large-black aligncenter color1 fa-trophy reverse round large\"><\/i> <div  data-type=\"column\" class=\"\"> <h5  class=\"font-400\">SIN LIMITES<\/h5> <p  class=\"\">Nos esforzamos para que nuestros alumnos siempre alcancen sus metas.<\/p><\/div> <\/div> <div  class=\"col-xs-12 col-sm-4 col-padding\"> <i  class=\"fa icon shadow-large-black aligncenter color2 fa-battery-full reverse round large\"><\/i> <div  data-type=\"column\" class=\"\"><h5  class=\"font-400\">ADQUISISI\u00d3N<\/h5> <p  class=\"\">Nuestro enfoque es la adquisici\u00f3n del idioma para que te comuniques con confianza.<\/p><\/div> <\/div> <div  class=\"col-xs-12 col-sm-4 col-padding\"> <i  class=\"fa icon fa-magic large shadow-large-black round aligncenter reverse color4\"><\/i> <div  data-type=\"column\" class=\"\"><h5  class=\"font-400\">INNOVADOR<\/h5> <p  class=\"\">Siempre buscamos la mejor manera de que nuestros alumnos adquieran el idioma.<\/p><\/div> <\/div><\/div> <\/div><\/div>","protected":false},"excerpt":{"rendered":"<p>\u00a1TE RESPONDEMOS INMEDIATAMENTE! ELIGE EL CURSO DE TU INTERES Ingl\u00e9s desde cero hasta avanzado CLASES ONLINE CLASES ONLINE Sin salir de casaQUIERO SABER M\u00c1S CLASES PARA NI\u00d1OS CLASES PARA NI\u00d1OS Clases dinamicas y eficacesQUIERO SABER M\u00c1S CLASES GRUPALES CLASES GRUPALES Hasta 6 alumnosQUIERO SABER M\u00c1S CLASES PRIVADAS CLASES PRIVADAS 1 alumnoQUIERO SABER M\u00c1S CLASES SEMI&hellip; <br \/> <a class=\"read-more\" href=\"https:\/\/amillanguages.com\/\">Leer m\u00e1s<\/a><\/p>\n","protected":false},"author":1,"featured_media":0,"parent":0,"menu_order":0,"comment_status":"closed","ping_status":"closed","template":"page-templates\/homepage.php","meta":[],"_links":{"self":[{"href":"https:\/\/amillanguages.com\/index.php\/wp-json\/wp\/v2\/pages\/91"}],"collection":[{"href":"https:\/\/amillanguages.com\/index.php\/wp-json\/wp\/v2\/pages"}],"about":[{"href":"https:\/\/amillanguages.com\/index.php\/wp-json\/wp\/v2\/types\/page"}],"author":[{"embeddable":true,"href":"https:\/\/amillanguages.com\/index.php\/wp-json\/wp\/v2\/users\/1"}],"replies":[{"embeddable":true,"href":"https:\/\/amillanguages.com\/index.php\/wp-json\/wp\/v2\/comments?post=91"}],"version-history":[{"count":14,"href":"https:\/\/amillanguages.com\/index.php\/wp-json\/wp\/v2\/pages\/91\/revisions"}],"predecessor-version":[{"id":276,"href":"https:\/\/amillanguages.com\/index.php\/wp-json\/wp\/v2\/pages\/91\/revisions\/276"}],"wp:attachment":[{"href":"https:\/\/amillanguages.com\/index.php\/wp-json\/wp\/v2\/media?parent=91"}],"curies":[{"name":"wp","href":"https:\/\/api.w.org\/{rel}","templated":true}]}}